highest common divisor of 2790266 and 22340.
2234
Calculate the highest common divisor of 71787 and 8388.
3
What is the highest common divisor of 30 and 3362148?
6
Calculate the greatest common divisor of 2379 and 19461.
39
What is the highest common factor of 920 and 160289392?
184
Calculate the highest common factor of 95510 and 3110.
10
What is the highest common divisor of 11520 and 268200?
360
What is the greatest common factor of 24541 and 1104?
23
Calculate the greatest common divisor of 529440 and 4935.
15
What is the greatest common divisor of 20381 and 185?
1
What is the highest common divisor of 243980 and 199540?
220
Calculate the highest common factor of 1660 and 1835545.
415
Calculate the greatest common factor of 18 and 36655803.
9
Calculate the highest common divisor of 1077789573 and 21.
21
Calculate the greatest common factor of 18 and 6168663.
9
What is the greatest common divisor of 310896 and 14200848?
2448
Calculate the greatest common divisor of 12789 and 68460.
21
What is the greatest common factor of 25626 and 486?
6
What is the greatest common divisor of 446984 and 22656?
472
Calculate the greatest common factor of 120519 and 8337.
21
What is the greatest common divisor of 1500 and 8329900?
100
Calculate the greatest common divisor of 42306896 and 112.
16
What is the greatest common factor of 50728514 and 536?
134
What is the greatest common factor of 130494 and 95266834?
6214
What is the highest common divisor of 486665 and 27510?
655
Calculate the highest common factor of 1708 and 261938.
2
What is the highest common factor of 62704486 and 2585?
47
Calculate the highest common divisor of 171039790 and 75.
5
What is the highest common divisor of 340155251 and 977?
977
What is the greatest common factor of 7220332 and 56?
28
Calculate the greatest common factor of 1254 and 35220053.
209
What is the highest common divisor of 1905 and 1443355?
635
What is the greatest common divisor of 486011 and 9947?
29
What is the highest common divisor of 12296 and 4116344216?
12296
What is the highest common divisor of 55541904 and 25152?
6288
Calculate the greatest common factor of 116 and 627796.
4
Calculate the greatest common divisor of 20 and 14355952.
4
Calculate the highest common divisor of 2371600 and 189875.
1225
Calculate the highest common divisor of 700 and 49252.
28
What is the greatest common factor of 7986 and 179329623?
3993
Calculate the highest common factor of 875376 and 576.
144
Calculate the greatest common factor of 1394268 and 528.
12
What is the greatest common divisor of 13416 and 408016336?
4472
What is the greatest common factor of 1903840 and 31828?
292
Calculate the greatest common divisor of 381 and 24536781.
381
Calculate the highest common factor of 23295 and 2402445.
15
What is the highest common factor of 16 and 183536?
16
What is the highest common divisor of 4165 and 10900995?
595
What is the highest common divisor of 908 and 159528?
4
What is the greatest common divisor of 880 and 351320?
40
What is the greatest common factor of 23199615 and 14985?
405
What is the highest common factor of 20263320 and 430?
430
Calculate the greatest common factor of 36963241 and 7.
7
What is the greatest common divisor of 294 and 60112500?
42
What is the highest common factor of 2325 and 20576775?
75
Calculate the greatest common factor of 5241235 and 17275.
3455
Calculate the highest common divisor of 426840 and 232.
8
Calculate the highest common divisor of 1301292 and 135594.
54
Calculate the greatest common factor of 608 and 447128596.
76
Calculate the highest common factor of 940 and 1655951.
47
What is the highest common divisor of 163 and 2481602?
1
Calculate the highest common divisor of 952608192 and 2176.
1088
Calculate the greatest common factor of 215413515 and 75.
15
What is the highest common factor of 4500 and 4142375?
125
Calculate the highest common factor of 34 and 1373756179.
17
What is the greatest common divisor of 895375 and 1330?
95
Calculate the greatest common factor of 15 and 4095600.
15
Calculate the greatest common divisor of 966372786 and 72.
18
What is the greatest common factor of 238650 and 30527775?
2775
What is the highest common factor of 188004 and 1252?
4
Calculate the highest common factor of 297232 and 1040.
208
Calculate the greatest common factor of 58 and 2222786316.
58
What is the greatest common divisor of 2468081 and 1112697?
4579
Calculate the greatest common divisor of 47199696 and 24.
24
What is the highest common factor of 973 and 3300833?
139
What is the highest common factor of 753138780 and 60?
60
Calculate the greatest common divisor of 15732 and 93910932.
828
Calculate the highest common factor of 83626276 and 8.
4
What is the highest common factor of 14812 and 137673308?
2116
What is the greatest common factor of 36160 and 540140?
2260
Calculate the highest common factor of 3588300 and 748670.
4430
What is the greatest common divisor of 41004444 and 2780?
556
What is the highest common factor of 274566 and 35210016?
4098
Calculate the greatest common factor of 1100067 and 12814.
149
What is the highest common factor of 24 and 24461176?
8
What is the highest common factor of 15600 and 129571?
13
What is the highest common factor of 4514826 and 408?
102
What is the greatest common factor of 52 and 5153187?
13
Calculate the highest common divisor of 3421011 and 66649.
913
Calculate the highest common divisor of 217 and 389809.
7
What is the greatest common divisor of 294155 and 5?
5
What is the greatest common divisor of 16203 and 3373161?
33
Calculate the highest common divisor of 1494 and 48969419.
83
What is the highest common factor of 2993 and 1902359?
41
Calculate the highest common divisor of 402162 and 474026.
1382
What is the greatest common factor of 10594 and 1380790178?
10594
What is the highest common factor of 284060077 and 21?
7
Calculate the greatest common divisor of 395667 and 144.
9
What is the greatest common factor of 45621 and 23287023?
333
Calculate the highest common divisor of 582956 and 220.
44
Calculate the highest common divisor of 43 and 440918259.
43
What is the highest common factor of 8035 and 14665?
5
What is the greatest common divisor of 393244 and 476?
68
What is the greatest common divisor of 15468698 and 2394?
266
Calculate the greatest common factor of 19513 and 7391.
19
Calculate the greatest common divisor of 97869740 and 890.
890
What is the highest common divisor of 12452 and 170083?
283
What is the greatest common factor of 402 and 68161244?
134
What is the greatest common factor of 4704 and 8656?
16
Calculate the greatest common divisor of 7304 and 481732.
332
What is the highest common divisor of 8883126 and 126?
126
What is the greatest common divisor of 46482995 and 65?
65
What is the highest common factor of 92724 and 45180?
12
What is the greatest common divisor of 7294 and 38778030?
1042
Calculate the highest common factor of 60466221 and 9.
9
Calculate the highest common factor of 1184 and 29758496.
32
What is the highest common divisor of 324 and 33929928?
324
Calculate the highest common divisor of 10849 and 18543225.
571
Calculate the highest common factor of 14880100 and 79900.
1700
Calculate the highest common divisor of 7706730 and 60.
30
What is the highest common factor of 32346802 and 14826?
706
Calculate the greatest common factor of 13153472 and 14920.
2984
What is the highest common divisor of 4920 and 313485?
15
What is the greatest common factor of 4105 and 25976440?
4105
What is the greatest common divisor of 59254 and 1402804?
1378
Calculate the greatest common divisor of 220633008 and 128.
16
Calculate the highest common divisor of 11387467 and 146965.
1547
What is the highest common divisor of 65 and 3587035?
5
What is the highest common factor of 8931 and 73556403?
687
What is the highest common divisor of 9002 and 1162?
14
Calculate the highest common factor of 16065 and 111433.
7
What is the greatest common divisor of 110233089 and 23?
23
Calculate the greatest common divisor of 351551728 and 37224.
4136
Calculate the greatest common factor of 6373457 and 142.
71
Calculate the greatest common divisor of 151587 and 3831.
3
What is the highest common factor of 49345268 and 4308?
1436
W